is divided by u.
13
Suppose -10 = -5*o, 3*d - 5*o + 20 = 5*d. What is the remainder when 9 is divided by d?
4
Suppose 0 = 3*v - 70 - 41. Suppose -2*x + 65 = 3*x. Calculate the remainder when v is divided by x.
11
Let r = -14 - -24. Suppose r = 3*p + 2*p. Suppose 4*w + 2*g = 136, p*w + g = 4*w - 68. What is the remainder when w is divided by 12?
10
Suppose 0 = -0*r - 3*r + 90. Suppose 0 = -0*k - 5*k + r. Suppose -k*z = -4*q - 2*z + 24, -4*q - 4*z = 0. Calculate the remainder when 7 is divided by q.
1
Suppose -r + 33 = 3*c + 3*r, 5*c - r - 55 = 0. Let t = -6 + c. What is the remainder when 19 is divided by t?
4
Suppose 97 = 5*q + l, 0*l - 5*l + 105 = 5*q. What is the remainder when 35 is divided by q?
16
Let q(y) = 26*y**2 + 5*y + 1. Calculate the remainder when q(-2) is divided by 24.
23
Suppose s + 4*s - 35 = 0. What is the remainder when 7 is divided by s?
0
Suppose -5*z = -133 - 2. Calculate the remainder when z is divided by (-6)/(-4) - (-330)/60.
6
Suppose 0 = -5*o + 6 + 9. Suppose -2*g + o*j + 59 = 0, -7*g + 3*g - 2*j + 94 = 0. What is the remainder when g is divided by 14?
11
Let g = 13 + -7. What is the remainder when (-68)/(-6)*(-9)/(-6) is divided by g?
5
Suppose -3*f + 4 = 3*h - 2, 0 = 5*f + 4*h - 12. Let q(d) = d**2 - 3*d + 5. Calculate the remainder when 26 is divided by q(f).
8
Let b(h) = h**3 + 11*h**2 + 12*h + 10. Let o be b(-10). What is the remainder when 8/o*-3*5 is divided by 7?
5
Let q(t) = 27*t + 2. What is the remainder when q(1) is divided by 11?
7
Let x(a) = a**2 + a + 5. Let z = -3 - -3. Suppose z*k = -k. Calculate the remainder when 9 is divided by x(k).
4
Let u be (-9)/(-4) - (-5)/(-20). Suppose u*m - z = 2, 3*m - 4*m = -z. Calculate the remainder when m is divided by 2.
0
Let l = 21 + -28. Let g = l - -32. Calculate the remainder when g is divided by 9.
7
Let u(j) = j + 5. Suppose 5*v = -4*t + 13, 5*v + 8 = 5*t + 3. Calculate the remainder when t/5 + (-1038)/(-30) is divided by u(7).
11
What is the remainder when 29 is divided by (-5)/2*32/(-10)?
5
Let k = -31 - -44. Calculate the remainder when k is divided by 3.
1
Let s(k) = -4*k - 2. Let p be s(-2). Let r(x) = -x**3 - 4*x**2 + 3*x + 2. What is the remainder when 2/6 - (-136)/p is divided by r(-5)?
11
Let d be 1 + -2 - -11*3. Let y = 27 + 31. Calculate the remainder when y is divided by d/(-6)*15/(-4).
18
Suppose -4*j + 749 = -1087. What is the remainder when j is divided by 66?
63
Let r(d) = -7*d - 9. What is the remainder when 48 is divided by r(-5)?
22
Suppose 44 - 219 = 5*o. What is the remainder when (-3 - (-26)/10)*o is divided by 10*(3/(-2))/(-3)?
4
Calculate the remainder when 176 is divided by ((-27)/15 + 3)/((-4)/(-60)).
14
Let d = -2 + 0. Let o be (-1)/(-2) + 5/d. What is the remainder when 6 - (o + 2)/(-3) is divided by 4?
2
Let o(t) = t**3 + 8*t**2 - 10*t + 9. What is the remainder when 88 is divided by o(-9)?
16
Suppose 0 = -i + 6*i + o + 8, -3*o - 4 = -5*i. Suppose 0 = -3*v + 4*v - 4. What is the remainder when 67 is divided by 14 + i + v/1?
16
Suppose -210 = -17*z + 2*z. Suppose 0 = c - 1, 5*l = 4*c - 47 + 178. Calculate the remainder when l is divided by z.
13
Suppose -4 = -3*x + 2*x. Let v(f) = -f**3 + 4*f**2 + 2*f - 1. What is the remainder when 12 is divided by v(x)?
5
What is the remainder when 77 is divided by -3 - -31 - (-2 + 4)?
25
Suppose 4*r + 2*x - 564 = 6*x, -4*r + x = -552. Calculate the remainder when r is divided by 28.
25
Suppose -12*m + 138 = -90. What is the remainder when 74 is divided by m?
17
Let m be 1/(-4) - (-594)/8. Suppose -4*h - m = -242. Suppose -o = 2*o - h. Calculate the remainder when 26 is divided by o.
12
Let c(t) = -t**3 + 13*t**2 - t + 19. What is the remainder when 34 is divided by c(13)?
4
Suppose 5*h + 7 = 6*h. Calculate the remainder when 18 is divided by h.
4
Let j be ((-30)/(-9))/(2/3). Suppose -j*l + 41 = -34. What is the remainder when l is divided by 9?
6
What is the remainder when 8*3/18*51 is divided by 23?
22
Let u = -50 - -97. Calculate the remainder when u is divided by 16.
15
Let j = 73 + 52. What is the remainder when j is divided by 33?
26
Suppose -95 = -25*k + 20*k. What is the remainder when 74 is divided by k?
17
Let u be 43/5 + (-2)/(-5). Let k = u + -6. Calculate the remainder when 16 is divided by k/(1/(2 + 1)).
7
Suppose 29 - 38 = -w. What is the remainder when 17 is divided by w?
8
Let y(u) = -u + 1. Let b be y(4). Calculate the remainder when 1 + 0 - (-2 + b) is divided by 4.
2
What is the remainder when 38 is divided by 20 + (0 + 1)*1?
17
Suppose -81 = -30*l + 39. What is the remainder when ((-6)/(-9))/(2/15) is divided by l?
1
Let u(p) = -p**2 + 8*p - 6. Calculate the remainder when (-1 + 0)/(4/(-100)) is divided by u(5).
7
What is the remainder when ((-228)/18)/(3/(-9)) is divided by 20?
18
Suppose 2*q = -3*q. Let x(k) = 4*k**3 - 4*k**3 + k**3 + 25. Calculate the remainder when x(q) is divided by 9.
7
Let u(g) = g - 1. Let y(w) = -w**2 - 7*w - 5. Let z be y(-5). Let f be u(z). What is the remainder when 34 is divided by 6/(-9)*(-54)/f?
7
Suppose 0 = -5*r + g + 4*g - 20, -4*r = -5*g + 20. Suppose 3*w - 19 = c, r = -0*c + 2*c + 2. Calculate the remainder when 15 is divided by w.
3
Suppose 3*i = 6*i - 48. What is the remainder when 78 is divided by i?
14
Let l(o) = -o**2 + 3*o + 7. Let v be l(5). Calculate the remainder when 38 is divided by -1*-1*(-24)/v.
6
Let t(o) = o + 18. Let k be t(0). Calculate the remainder when 338/k - 4/(-18) is divided by 10.
9
Suppose 0*d + 6 = -3*d. Let z be d + (1 + -1)/2. Calculate the remainder when (38/3)/(z/(-6)) is divided by 13.
12
Let d(j) = -j**3 + j**2 + j + 2. Let n be d(0). Suppose k + n*k = 42. What is the remainder when k is divided by 8?
6
Let b(a) = -a**3 + 11*a**2 + 19*a - 16. Calculate the remainder when b(12) is divided by 24.
20
Suppose -2*a = -22 + 6. Let p = 7 + a. Calculate the remainder when 28 is divided by p.
13
Suppose -2*y - 4 = 5*n + 19, 3*y - 5*n - 3 = 0. What is the remainder when (-5 + 6)*(-29)/(-1) is divided by (7 + -1)/(y/(-10))?
14
Suppose 16 = p + 5*o, 6*p - 3*p - 5*o = -32. Suppose 0*z + 2*z = 16. Let u = z + p. What is the remainder when 10 is divided by u?
2
Let y(u) = u**3 - 2*u - 2. Let w(n) = -3*n**3 + 5*n + 5. Let l(b) = 3*w(b) + 7*y(b). Suppose 2 - 20 = -j. Calculate the remainder when l(-3) is divided by j.
16
Let w(f) = 2*f. Let d = -5 + 6. Let a(l) = 5*l**2 + l + 1. What is the remainder when a(-1) is divided by w(d)?
1
Let n(x) = -x**3 - 8*x**2 + 7*x + 2. Let v be n(-9). Suppose 4*k = v - 0. What is the remainder when 50 is divided by 26/(-8)*(-9 + k)?
11
Let s(z) = -28*z - 3. Let o be s(-3). Suppose -o = -5*q - 16. Calculate the remainder when 24 is divided by q.
11
Suppose -5*a + 68 - 8 = 0. Calculate the remainder when 45 is divided by a.
9
Let h = -15 + 32. Calculate the remainder when h is divided by 6.
5
Suppose 0 = -5*z + t + 94, -4*z + 92 = -6*t + t. What is the remainder when z is divided by 5?
3
Let u(l) = 5*l**3 - 4*l**3 + 7*l**2 - 4*l - 5*l**2. What is the remainder when 7 is divided by u(-3)?
1
Let l = -36 + 43. Calculate the remainder when 54 is divided by l.
5
Let s = 9 + 4. Calculate the remainder when 49 is divided by s.
10
Suppose -a - 3*a = -100. Suppose 0 = 2*b + 3*h - a, 4*b - 15 = b + 3*h. What is the remainder when b is divided by 5?
3
Let k be 2/7 - 3980/(-35). Suppose 228 = 4*f + 4*s, -2*s = -2*f + 3*s + k. Calculate the remainder when f is divided by 15.
12
Suppose -4*h + c = -309, -4*c + 305 = 4*h - c. What is the remainder when h is divided by 26?
25
Let v(r) = 8*r**2 - 3*r - 3. Calculate the remainder when 137 is divided by v(-2).
32
Calculate the remainder when (3/6)/(8/512) is divided by 9.
5
Suppose 2*n + 4*w + 8 = 0, -3*n - 4*w + 2*w - 8 = 0. Let m = 3 - n. What is the remainder when m is divided by (81/(-6))/(-9)*2?
2
Suppose 4*n - 2*z = -z + 66, n = z + 18. What is the remainder when (180/16)/(1/4) is divided by n?
13
Let c be 24/14 + 4/14. Suppose -5*o + 167 = r, c*r - 142 = -4*o + 4*r. Calculate the remainder when o is divided by 18.
16
Let t(m) = m**3 + 3*m**2 - 6*m - 3. Let u be t(-4). Suppose u*i - 37 = 23. What is the remainder when 34 is divided by i?
10
Let p = -4 + 16. Let h = p - 7. Calculate the remainder when h is divided by 2.
1
Suppose -4*o = -6*o + 6. What 